units digit of f?
7
Let h(o) be the second derivative of -o**5/5 + 3*o**4/4 + o**3/3 + o**2/2 - 78*o. What is the tens digit of h(-4)?
9
What is the units digit of 186*((-2)/17 - (-273624)/3978)?
2
Suppose 71224*b + 38898 = 71225*b. What is the ten thousands digit of b?
3
Let g be 3*(114/(-18) - -6). What is the tens digit of (-4*(1 + 1))/(g/184)?
7
Let x be (2 + -3)*(4 + -122). Suppose j = 5*j - 4, 0 = 3*b - 2*j - x. What is the tens digit of ((-18)/4)/(-5 - (-198)/b)?
9
What is the tens digit of 28*(138695/220 + 14/(-77))?
4
Let f be 2*(-5 - 554/(-4)). Suppose -18*j + 3453 = f. Let n = 467 - j. What is the hundreds digit of n?
2
Suppose 327960 = w + 8*w + 15*w. What is the hundreds digit of w?
6
Let r(w) = -2*w**3 - 52*w**2 + 33*w + 63. What is the thousands digit of r(-28)?
2
Let n be 163872/(-36) - (-1 + 7). What is the hundreds digit of n/(-4) - 39/26?
1
Let j(s) = 28*s - 136. Let z(g) = -13*g + 68. Let f(c) = -2*j(c) - 5*z(c). What is the units digit of f(11)?
1
Let b(q) = -q**3 - 10*q**2 + 16. Let n(k) = -k**2. Let p(m) = -b(m) + 3*n(m). Let o be p(-6). Suppose 0 = -o*x - 767 + 6127. What is the hundreds digit of x?
2
Let j(n) be the third derivative of -43*n**6/60 - n**4/12 - n**3/6 - 22*n**2. Let x be j(-1). Suppose 3*t = 2*t + x. What is the tens digit of t?
8
Let s = 69 - 45. Let b = -1472 + 1516. Let c = b - s. What is the units digit of c?
0
Suppose 5*f + s - 1729 = 0, -4*f + f + 1042 = -4*s. Suppose 972 = f*m - 342*m. What is the hundreds digit of m?
2
Let w = -2118 - -6499. What is the tens digit of w?
8
Let m = 10558 + -10454. What is the hundreds digit of m?
1
Suppose -145*n - 5*x = -144*n - 24490, 4*x = 5*n - 122595. What is the thousands digit of n?
4
Suppose 338*c - 22505721 = -313*c. What is the thousands digit of c?
4
Suppose 23 = 4*m - 1. Let c(p) = -80*p + 41*p + 42*p - 11. What is the units digit of c(m)?
7
Let p = -15613 + 29285. What is the ten thousands digit of p?
1
What is the tens digit of (4728 - 6*7/(-14)) + (2 - 1)?
3
Let w(s) = 3*s**2 + 39*s - 1122. What is the tens digit of w(-53)?
3
Let y(d) = 17*d**2 - 10 + 14*d**2 + 10. Let h be y(1). Let f = h + -5. What is the tens digit of f?
2
Let c = -4415 - -6885. Let o = c - 1247. What is the thousands digit of o?
1
Let y(b) = -b**2 - 6*b - 3. Let n be y(5). Let f = n - -5. Let d = 112 + f. What is the units digit of d?
9
Let v(p) = -p**3 - 27*p**2 + 258*p - 84. What is the thousands digit of v(-42)?
5
Suppose 22*j - 5*u = 18*j - 75, 2*j + 45 = u. What is the tens digit of j/5 + 1672 + 2?
6
Let l = -165 + 270. Let p = l + -8. What is the units digit of p?
7
Let r = -197 - -117. Let l be 79/(-5) + 4*4/r. Let h = l - -18. What is the units digit of h?
2
Let l(n) be the second derivative of 47*n**4/6 - 7*n**3/6 + 7*n**2/2 + 56*n. What is the units digit of l(2)?
9
Suppose 0 = -2*j + 3*r + 13, 7 + 78 = 5*j + 3*r. Let i = -7 - -31. Let l = i + j. What is the tens digit of l?
3
Suppose -d + 13*r - 14*r = -347, -2*d = -r - 685. Suppose -7*c + d = -454. What is the units digit of c?
4
Let a = 14631 - -8047. Suppose -2*u + a = 15*u. What is the units digit of u?
4
Suppose -709 = 5*h - 4574. Let f = h + -460. What is the hundreds digit of f?
3
Let p(a) = -101*a - 1388. What is the units digit of p(-22)?
4
Suppose -28*k + 8*k = 11840. Let w = 1192 + k. What is the tens digit of w?
0
Suppose -o - 4607 = -3*k, 0 = -3*k + 5*k + 3*o - 3053. Suppose 8*p - k = -5*p. What is the units digit of p?
8
Let g be (1 + 3)*(-7)/(70/(-6280)). Suppose -14*d = -12*d - g. What is the units digit of d?
6
Suppose 47*i - 50*i + 9 = 0. Suppose i*g - 257 = -u + 3*u, 251 = 3*g - 5*u. Let b = -67 + g. What is the units digit of b?
0
Let u be (4 + (4 - 8))/1. Suppose u = 4*h + 3*v + 3, -4*h = v + 4*v + 13. Suppose -2*a - 556 = -4*i, 269 = -5*i - h*a + 964. What is the hundreds digit of i?
1
Let z = -170 + 180. Suppose 0 = -4*j + 5*a + 498, z = 10*a - 5*a. What is the hundreds digit of j?
1
Let a = 15115 - -13275. What is the hundreds digit of a?
3
Let m(p) = -6*p**2 - 10*p + 11. Let w be m(1). Let k(u) = -20*u + 13. Let o(c) = 1. Let n(s) = k(s) + 4*o(s). What is the tens digit of n(w)?
1
What is the hundreds digit of -1532*(34/(-85) - (-1005)/(-50))?
4
Suppose 0 = 3*m - 3*u - 20643, -267*m + 27515 = -263*m + 5*u. What is the units digit of m?
0
Suppose -z = -3*p - 2, 0*z - 3*z + 1 = -4*p. Let w(t) be the third derivative of 19*t**5/15 + t**4/24 + t**3/6 + 8*t**2. What is the units digit of w(p)?
6
Let u = 315 + -314. Let h(f) = 1026*f**2 - 7*f + 4. What is the tens digit of h(u)?
2
Let o(f) = -20*f - 20. Let r(i) be the second derivative of 13*i**3/2 + 20*i**2 + 7*i. Let v(w) = -5*o(w) - 3*r(w). What is the hundreds digit of v(-9)?
1
Suppose -f = 2*s - 5028, 2*f = 72*s - 71*s + 10051. What is the units digit of f?
6
Let p(t) = 37*t**2 + 11*t + 1. Suppose -21 - 7 = -7*u. What is the tens digit of p(u)?
3
Let i = -180 + 180. Suppose -2*r = -a + 840, 2*a + 0*r + 2*r - 1692 = i. What is the units digit of a?
4
Let c = 830 + 123. Suppose 2047 = 8*x - c. What is the units digit of x?
5
Let m be ((-10)/14)/((-82)/574). What is the tens digit of -2 + m + 0 - (-22 - 2)?
2
Let b(s) = 24439*s - 1509. What is the tens digit of b(1)?
3
Suppose m - 5*m + 144 = 0. Suppose a + 36 = -5*c, 3*c + c + m = a. What is the units digit of 178 - (2 - 5 - c)?
3
Let z = -44779 - -78756. What is the thousands digit of z?
3
Let m = -643 - -307. Let s(u) = -u**3 + 9*u**2 - 6*u - 10. Let l be s(10). Let h = l - m. What is the units digit of h?
6
Suppose 0 = -j + 5*a - 21, -4*j = -4*a - 8 + 28. What is the tens digit of j + -2 + 3 + (1 - -578)?
7
Let d = -14 + 14. Suppose d = -2*a + 12*a - 390. What is the tens digit of a?
3
Suppose -5*u - 3*d - 42 = -6*d, 4*d + 4 = 0. What is the units digit of (-1596)/u - 7/21?
7
Suppose -4*y = -11*x + 8*x + 106245, -2*y - 106251 = -3*x. What is the ten thousands digit of x?
3
Suppose 311*v - 307*v - 5668 = 0. What is the hundreds digit of v?
4
Let l(t) = 5*t**2 - 11*t - 9. Let r be l(-8). Let j = r - 59. What is the units digit of j?
0
Suppose 4*d = 2*u - 10, u = 3*d - 2*d + 5. Let m be -2 + 0 - (-49 + 42). Suppose 3*o + 4*z - 121 = -d*o, m*z - 76 = -2*o. What is the units digit of o?
3
Suppose 2*j = d + 159, -d - 3*d - 588 = 4*j. Let s = d + 662. What is the tens digit of s?
1
Suppose 45 = 3*v + 3*x, v - 7 = -4*x + 8. Let u(n) = 11*n**2 - 35*n + 19. What is the tens digit of u(v)?
6
Let h(v) = 19*v - 84. Let m be h(4). Let c(i) = -127*i - 46. What is the hundreds digit of c(m)?
9
Suppose h - 1 = w + 1, -5*h + 10 = 0. Suppose w = -2*f + 1660 + 486. What is the tens digit of f?
7
Let t = -72 + 63. Let g be (14/(-4))/(t/1080). Let v = g - 265. What is the tens digit of v?
5
Let m(h) = h - 5. Let g be m(2). What is the tens digit of (-838)/(-6 + 1 - g)?
1
Suppose -363 = -9*v + 6. Let m = 45 - v. Suppose -m*s + 174 = -322. What is the tens digit of s?
2
Suppose 108948 = 2*i + 5*g, 10*i + 4*g + 163376 = 13*i. What is the tens digit of i?
6
Let b = 123 + -121. Let o(y) = 4 + 37*y - 2*y**2 + 3*y**b - 2 - 38*y. What is the units digit of o(5)?
2
Let o = -5202 - -9325. Suppose 20*n - 3797 = o. What is the units digit of n?
6
Suppose -3*v + 3 = -5*u, 4*v - 6*v + 6 = -2*u. Let f(g) = g**3 - 5*g**2 - 6*g + 17. Let i be f(v). Suppose -i*p + 606 = -14*p. What is the units digit of p?
2
Let s(m) = -2*m + 6*m**2 - 5*m**2 - 3*m**2 + 5*m**2 + 4 - m**3. Let b be s(2). Suppose -3*a = 0, -8*t - b*a = -9*t + 97. What is the units digit of t?
7
Let y = -7987 + 9809. What is the hundreds digit of y?
8
Suppose 4*m - 6 = -26, 2*w + 23 = -5*m. Let k(p) = 421*p**2 + 21*p - 22. What is the hundreds digit of k(w)?
4
Let z = -226 + 151. Let f be 10/z + 1894/30. Suppose -4*n = -2*o + n + 12, -f = -5*o - 4*n. What is the tens digit of o?
1
Let g = 138911 - 61345. What is the hundreds digit of g?
5
Suppose 0 = 3*j - j - 3*z - 9, -2*j + 5*z + 19 = 0. What is the hundreds digit of 8/24 + (-2204)/j?
7
Let p be (90/4)/(-3)*(-192)/36. What is the tens digit of p/12*(-8946)/(-35)?
5
Suppose -3*u = -8*u + 5, 0 = -4*i + 5*u - 5. Suppose i = -4*b + 8*b - 220. What is the tens digit of b?
5
Let g be (-101)/2*(-6 + 4). Suppose -4*q = -8, -3*k - 3*q = -17 + g. What is the units digit of 150/k + 30 + 1?
6
Let c(d) = -3*d**3 + 1. Let n(a)